 of 160478.
2, 80239
What are the prime factors of 1859552?
2, 58111
What are the prime factors of 1545833?
509, 3037
What are the prime factors of 11309735?
5, 139, 16273
What are the prime factors of 677716?
2, 13, 13033
What are the prime factors of 1259147?
37, 34031
What are the prime factors of 1730026?
2, 19, 53, 859
List the prime factors of 712081.
337, 2113
What are the prime factors of 701764?
2, 7, 71, 353
List the prime factors of 3134054.
2, 7, 11, 47, 433
What are the prime factors of 3582726?
2, 3, 7, 85303
List the prime factors of 24121187.
2549, 9463
What are the prime factors of 9538900?
2, 5, 7, 13627
List the prime factors of 3344142.
2, 3, 61, 9137
List the prime factors of 6232577.
13, 479429
What are the prime factors of 960642?
2, 3, 83, 643
List the prime factors of 2513290.
2, 5, 13, 19333
List the prime factors of 1826301.
3, 608767
List the prime factors of 446146.
2, 37, 6029
List the prime factors of 4698727.
11, 347, 1231
What are the prime factors of 7942416?
2, 3, 337, 491
List the prime factors of 333685.
5, 11, 6067
What are the prime factors of 2617056?
2, 3, 13, 233
List the prime factors of 331455.
3, 5, 19, 1163
What are the prime factors of 398582?
2, 17, 19, 617
List the prime factors of 4894393.
7, 659, 1061
What are the prime factors of 1408782?
2, 3, 71, 3307
What are the prime factors of 1594904?
2, 73, 2731
What are the prime factors of 2313679?
2313679
What are the prime factors of 189686?
2, 7, 17, 797
What are the prime factors of 3579462?
2, 3, 198859
What are the prime factors of 1863428?
2, 7, 61, 1091
List the prime factors of 5356749.
3, 37, 48259
List the prime factors of 183805.
5, 36761
List the prime factors of 23046896.
2, 163, 8837
List the prime factors of 48639.
3, 31, 523
What are the prime factors of 8157074?
2, 83, 49139
List the prime factors of 106873.
13, 8221
What are the prime factors of 67053?
3, 7, 31, 103
List the prime factors of 162234.
2, 3, 9013
List the prime factors of 146028.
2, 3, 43, 283
List the prime factors of 179254.
2, 89627
List the prime factors of 7926014.
2, 71, 55817
What are the prime factors of 204402?
2, 3, 11, 19, 163
List the prime factors of 105323.
105323
List the prime factors of 483053.
29, 16657
List the prime factors of 448230.
2, 3, 5, 67, 223
List the prime factors of 27959.
73, 383
What are the prime factors of 282649?
53, 5333
What are the prime factors of 10784091?
3, 3594697
What are the prime factors of 139526?
2, 69763
What are the prime factors of 537731?
269, 1999
List the prime factors of 6120559.
6120559
List the prime factors of 445553.
17, 26209
List the prime factors of 80887.
47, 1721
What are the prime factors of 933717?
3, 19, 16381
What are the prime factors of 954646?
2, 7, 11, 6199
What are the prime factors of 142901?
11, 1181
List the prime factors of 33045848.
2, 11, 23, 29, 563
List the prime factors of 4643660.
2, 5, 7, 41, 809
What are the prime factors of 9217849?
2447, 3767
List the prime factors of 153005.
5, 71, 431
List the prime factors of 1670454.
2, 3, 17, 53, 103
What are the prime factors of 21688029?
3, 11, 219071
List the prime factors of 13406689.
139, 96451
What are the prime factors of 488588?
2, 122147
List the prime factors of 28175706.
2, 3, 13, 347
What are the prime factors of 11646063?
3, 11, 13, 9049
List the prime factors of 700037.
13, 53849
What are the prime factors of 156474?
2, 3, 8693
What are the prime factors of 1830066?
2, 3, 7, 43573
List the prime factors of 380037.
3, 7, 18097
What are the prime factors of 3601540?
2, 5, 180077
What are the prime factors of 21677359?
11, 83, 23743
What are the prime factors of 798459?
3, 266153
What are the prime factors of 1677791?
1677791
List the prime factors of 28749.
3, 7, 37
What are the prime factors of 13227072?
2, 3, 68891
What are the prime factors of 32810291?
41, 353, 2267
What are the prime factors of 460262?
2, 11, 20921
List the prime factors of 1183616.
2, 7, 1321
What are the prime factors of 8491709?
577, 14717
What are the prime factors of 442807?
442807
What are the prime factors of 123698?
2, 127, 487
What are the prime factors of 3675727?
11, 334157
What are the prime factors of 584226?
2, 3, 31, 349
What are the prime factors of 421017?
3, 140339
What are the prime factors of 204181?
73, 2797
List the prime factors of 26599.
67, 397
What are the prime factors of 114365?
5, 89, 257
What are the prime factors of 15679450?
2, 5, 313589
List the prime factors of 169897.
7, 13, 1867
List the prime factors of 16087442.
2, 7, 23, 47, 1063
What are the prime factors of 5187814?
2, 2593907
List the prime factors of 1448857.
1448857
What are the prime factors of 10410230?
2, 5, 647, 1609
List the prime factors of 42465226.
2, 31, 684923
What are the prime factors of 531204?
2, 3, 44267
What are the prime factors of 7969968?
2, 3, 19, 971
List the prime factors of 2150693.
151, 14243
List the prime factors of 1586410.
2, 5, 7, 131, 173
What are the prime factors of 5706639?
3, 241, 877
List the prime factors of 256748.
2, 64187
What are the prime factors of 2576806?
2, 149, 8647
List the prime factors of 29444847.
3, 41, 239389
List the prime factors of 4986957.
3, 1662319
List the prime factors of 1432344.
2, 3, 37, 1613
What are the prime factors of 19801927?
3389, 5843
What are the prime factors of 1138680?
2, 3, 5, 3163
List the prime factors of 271042.
2, 53, 2557
What are the prime factors of 193513?
193513
What are the prime factors of 4241216?
2, 7, 9467
What are the prime factors of 646491?
3, 215497
What are the prime factors of 1772790?
2, 3, 5, 59093
List the prime factors of 9718.
2, 43, 113
What are the prime factors of 2021841?
3, 109, 229
What are the prime factors of 6647993?
11, 199, 3037
What are the prime factors of 792609?
3, 431, 613
List the prime factors of 155072.
2, 2423
List the prime factors of 599317.
19, 31543
List the prime factors of 92937.
3, 13, 2383
List the prime factors of 37432.
2, 4679
What are the prime factors of 55527?
3, 83, 223
List the prime factors of 11730067.
181, 229, 283
List the prime factors of 12628352.
2, 11, 8969
List the prime factors of 151389.
3, 7, 89
What are the prime factors of 6211627?
131, 47417
List the prime factors of 100379.
100379
What are the prime factors of 1016402?
2, 593, 857
What are the prime factors of 2633937?
3, 23, 59, 647
What are the prime factors of 1480098?
2, 3, 246683
List the prime factors of 1563583.
7, 37, 6037
What are the prime factors of 347629?
347629
What are the prime factors of 382672?
2, 23917
List the prime factors of 1697291.
1697291
List the prime factors of 845197.
845197
What are the prime factors of 14067695?
5, 19, 373, 397
What are the prime factors of 1179243?
3, 13, 10079
What are the prime factors of 952746?
2, 3, 158791
List the prime factors of 2009015.
5, 47, 83, 103
List the prime factors of 17767218.
2, 3, 7, 109, 3881
What are the prime factors of 30802272?
2, 3, 499, 643
What are the prime factors of 5483940?
2, 3, 5, 7, 11, 1187
List the prime factors of 422866.
2, 211433
What are the prime factors of 1840400?
2, 5, 43, 107
What are the prime factors of 1004278?
2, 11, 191, 239
What are the prime factors of 5495899?
1489, 3691
List the prime factors of 172871.
172871
What are the prime factors of 19023206?
2, 199, 47797
List the prime factors of 85529.
31, 89
List the prime factors of 1561437.
3, 37, 521
List the prime factors of 1304298.
2, 3, 72461
What are the prime factors of 1056945?
3, 5, 31, 2273
List the prime factors of 3752720.
2, 5, 61, 769
List the prime factors of 341961.
3, 31, 3677
What are the prime factors of 1264525?
5, 50581
List the prime factors of 157517.
67, 2351
What are the prime factors of 1328208?
2, 3, 7, 59, 67
List the prime factors of 2523116.
2, 29, 21751
What are the prime factors of 551345?
5, 110269
List the prime factors of 210144.
2, 3, 11, 199
What are the prime factors of 4289930?
2, 5, 271, 1583
List the prime factors of 24314850.
2, 3, 5, 7, 31, 83
List the prime factors of 13840470.
2, 3, 5, 7, 2441
List the prime factors of 109783.
311, 353
What are the prime factors of 276141?
3, 83, 1109
List the prime factors of 26672856.
2, 3, 7, 37, 613
List the prime factors of 27146